6).
-6
Let f(v) = 2*v**2 + v - 1. Suppose 5*u = 5 + 5. Suppose 4*p = 3*p + u. Calculate f(p).
9
Let v(g) = -22*g**2 - g. Suppose 13*q - 10*q - 12 = 0. Suppose 0 = -q*a - j - 2, 2*a + 4*j = 5*a + 11. Give v(a).
-21
Suppose y = -f + 4*f - 12, -4*y = -f - 7. Let p(l) = l**2 - 1 - 1 + 6*l + 3*l - 14*l. Give p(f).
-2
Let s(x) = -2*x**3 + x**3 - 4 + 7*x - 5*x**2 + 2*x**3. Let a(d) = 4*d + d**2 - 14*d + 4 + 15*d. Let l be a(-5). Give s(l).
8
Let p(m) = -m - 10. Let v be p(-13). Let j(s) = -7*s**2 - 7*s - 7. Let i = -34 + 39. Let b(r) = -4*r**2 - 4*r - 4. Let k(u) = i*b(u) - 3*j(u). Determine k(v).
13
Suppose 5*c + 0*c - 5 = -y, -4*c + 3 = y. Let z(a) = -49*a - 5*a**c - 2 + 96*a + 4*a**2 - 48*a. What is z(-3)?
-8
Suppose -2*b - 1 = -2*c + 1, 0 = -5*c - 4*b + 23. Let d be (-8)/8 + 0/c. Let n(h) = -10*h - 1. Calculate n(d).
9
Let c(s) = -s**2 + s - 2. Let r(v) = -v. Let f(m) = m**2 + 4*m + 4. Let b(p) = f(p) - r(p). Let w be b(-4). Give c(w).
-2
Let i(j) = j**3 - 7*j**2 + 10*j + 7. Suppose 9*s + 4*y = 4*s + 37, -2*y - 14 = -4*s. Let f(l) = l**3 - 7*l**2 + 9*l + 7. Let t(m) = s*f(m) - 4*i(m). Give t(6).
1
Let t(a) = -a**2 + 6*a. Let k(p) = -2*p**3 - 36*p**2 + p + 23. Let c be k(-18). Give t(c).
5
Let a(j) be the first derivative of j**3/3 + j**2 + 3*j + 12. Calculate a(-4).
11
Let d(q) = -4*q**3 + 5*q**2 - 12*q - 4. Let r(l) = -2*l**3 + 4*l**2 - 10*l - 4. Let m(s) = 2*d(s) - 3*r(s). Determine m(-2).
0
Let d(g) = g**3 + 6*g**2 - 3*g + 2. Let f = 405 + -411. Give d(f).
20
Let t(f) be the first derivative of 1/3*f**3 + 0*f - 9/2*f**2 - 42. Calculate t(9).
0
Let a(p) = -2*p + 22. Let c(t) = 2*t - 20. Let m(s) = 5*a(s) + 6*c(s). Calculate m(7).
4
Suppose 5*i = -7*i + 24. Let g(v) = -36*v**2 + 3 - 3*v + 18*v**2 + 16*v**2. Calculate g(i).
-11
Suppose 1 = -3*c - 35. Let w be 3/(-2)*((-40)/c + -4). Let m(q) = q - q**2 + 3 - 3. Calculate m(w).
0
Let g(o) = 2*o**3 + 23*o**2 - 12*o - 12. Let l = 504 - 516. Determine g(l).
-12
Let v be 2*(-21)/6*1. Let i(j) = j**2 + 2*j - 16. Let k be i(v). Let q = k + -21. Let h(c) = -6*c + 2. Give h(q).
14
Let h = 29 + -34. Let o(w) = -2 - 2 + 2 + w. Determine o(h).
-7
Let v = -14 - -12. Let c be (-172)/(-36) + v/(-9). Suppose -c*i - j = -4*j - 20, -4*i + 3*j = -16. Let n(a) = -2*a + 3. Give n(i).
-5
Let h(w) be the third derivative of w**6/120 + w**5/20 - w**4/8 - w**3/3 - 2*w**2. Suppose 0 = k - 118 + 122. Calculate h(k).
-6
Let p be (1*(-4)/20)/((-3)/15). Let u(h) = -p - 2*h - 4*h + h + 17*h. Give u(1).
11
Let z(v) = -v - 6. Let b(k) = 4*k + 20. Let j(d) = -b(d) - 3*z(d). Give j(-7).
5
Let l(o) = -3*o - 6. Let b be l(-6). Let f be (-6)/(-1)*(-8)/b. Let v(h) = 3*h + 0*h - 2*h - h**3 - 5 - 5*h - 4*h**2. Give v(f).
11
Let y(o) = 3 - o**2 - 1 - 1 - 2*o**2. Suppose 3*j = -j - 3*q + 44, 0 = -5*q + 20. Suppose 3*h = j*i - 3*i - 8, -h - 2*i = -1. Determine y(h).
-2
Let i(f) = f**3 - 5*f**2 + f - 3. Let c be i(5). Let n(q) = -2*q**c - 9*q - q**2 + 0*q**2 + 4*q**2 + 5. Give n(8).
-3
Let r(m) = -m**2 + 4*m. Let g = -9 + 9. Suppose g = -5*d - 4*u - 1 - 4, -3*d = 2*u + 1. Let x = 1 + d. Calculate r(x).
0
Let w(j) = -5*j**2 + 2 - j**3 + j**2 + j**2 - 2*j - j**2. Calculate w(-3).
-1
Let c(q) = q - 2. Let s = 8 + -27. Let n(w) = w**3 + 18*w**2 - 20*w + 2. Let f be n(s). Let z = 22 - f. What is c(z)?
-1
Let u(g) = 18 - 2*g + 2 + 0 + g - 6. Calculate u(0).
14
Let v(z) = -z + 1. Let g(s) = s + 2. Suppose 0 = -2*m + 4*u + 6, -12 = -5*m + 2*u - 37. Let d be g(m). Calculate v(d).
6
Let p(q) = -q**2 - 29*q + 116. Let l be p(4). Let d(g) = g**2 + 15*g - 4. Calculate d(l).
12
Let l(f) = -3*f**2 - 229*f + 468*f + 4 + 2*f**2 - 233*f. Let s be 3/1 - -2 - 0. Calculate l(s).
9
Let c(p) be the first derivative of -2*p**3/3 - p + 59. Give c(-1).
-3
Let l(d) = d + 2. Let w(t) = 9. Let b(y) = -2*l(y) - w(y). Determine b(0).
-13
Suppose 7*m - 87 = 95. Let j = m + -23. Suppose 3 = -2*k - 2*r - j, -4*k = 2*r + 14. Let o(z) = z**2 + 4*z + 2. Calculate o(k).
2
Let r(t) be the first derivative of -t**7/840 + 7*t**6/360 - t**5/20 + t**4/8 - t**3 + 3*t**2 - 32. Let x(f) be the third derivative of r(f). Calculate x(6).
3
Let v(r) = 7*r**3 + 14*r**2 + 15*r - 7. Let c(k) = -4*k**3 - 7*k**2 - 8*k + 4. Let y(u) = -5*c(u) - 3*v(u). What is y(-6)?
-5
Let w = 151 - 152. Let t(m) be the third derivative of -2*m**2 + 0*m - 1/12*m**4 - 1/6*m**3 - 7/60*m**5 + 0. Calculate t(w).
-6
Let c(t) = -7*t**3 - 20*t**2 - 39*t - 4. Let a(h) = 10*h**3 + 30*h**2 + 58*h + 6. Let w(g) = -5*a(g) - 7*c(g). Give w(-8).
6
Let w(j) = -63*j - 251. Let b be w(-4). Let s(a) = -34*a**3 - 1. What is s(b)?
-35
Let r = 465 + -461. Let t(i) = -i**2 + i - 1. Calculate t(r).
-13
Let x = 9 + -5. Suppose -2*k - 39 = -5*c + k, x*k = -2*c. Let o(m) = 0*m - m + 2 + 7 - 3. Determine o(c).
0
Let k = -26 - -19. Let a(c) = -5*c - 17. Let s be a(k). Let u(m) = -4*m + 5*m + s - 23. What is u(6)?
1
Let n(p) = -p**2 - 2*p + 1. Let y be 5 + 2 + (-3)/3. Suppose -2*l + 4 = 0, 0 = y*v - 2*v + 3*l - 50. Let a = v + -9. Give n(a).
-7
Let y = -1629 - -1614. Let x(z) = -2*z - 16. Calculate x(y).
14
Let w(q) be the second derivative of -q**4/24 - q**2/2 - q. Let v(y) be the first derivative of w(y). Suppose 0 = -5*b + 12 + 3, r + 5*b = 13. What is v(r)?
2
Let w(f) = -310 + 7*f + 616 + f**2 - 312. What is w(-6)?
-12
Let w(v) = -v**2 - 9*v + 1. Suppose 203 = 3*r + 233. What is w(r)?
-9
Suppose y = -3*y - 32. Let k be (-2)/1 + 2 - (-31 + 6). Let x(a) = k - 92 - 2*a + 34 + 23. Calculate x(y).
6
Let c(v) = -v**3 + 6*v**2 + 4*v + 3. Let x be ((-740)/(-60) + -13)*(-6)/1. What is c(x)?
51
Let c(h) = 0 - 6*h**2 + 5 + 3 - 3*h + 0 + h**3 - 5. Calculate c(4).
-41
Let g(j) = -j**2 + 5*j + 3. Let t = 908 + -905. Determine g(t).
9
Let f(h) = -6*h - 1. Suppose 25 = 5*s, -18*s - 5 = 2*w - 17*s. Give f(w).
29
Let t(j) = -3*j - 5. Suppose 14*h + 10 = 16*h. Suppose -44 = h*m - 3*z, 0*z = m + z + 4. What is t(m)?
16
Let a(p) = 2*p - 4. Let u be a(4). Let k(i) = 2 + 0 - 5*i + u*i. Let h be k(3). Let w(n) = 4*n**2 - 2*n - 1. Calculate w(h).
5
Suppose 7*z + 12 = 11*z. Suppose 1 = -j - 2*p - z, p - 9 = 5*j. Let q(h) = -16*h. Let w(t) = 11*t. Let b(f) = 5*q(f) + 7*w(f). Give b(j).
6
Suppose 0 = 3*b - k - 10, -6*k + k + 30 = b. Let s(l) = 2*l. Calculate s(b).
10
Suppose f + 2 = -4. Let v(a) be the second derivative of -a**5/20 - 7*a**4/12 - 7*a**3/6 - 3*a**2/2 - 77*a + 3. Determine v(f).
3
Let w(t) = 336*t**2 + 4 - t + t - 339*t**2. Give w(3).
-23
Let a be 2*(-2)/(-2)*15/10. Suppose -12 = -0*v + a*v. Let u(c) = c**2 + 4*c - 2. Calculate u(v).
-2
Let j(f) = f + 5. Let x be j(-4). Suppose m + 0 - x = 0. Let v(o) = 1 + o + 3 - m. Give v(-6).
-3
Let o(m) = 12*m**2 - 8*m - 5. Let y(i) = -4*i**2 + 3*i + 2. Let r(q) = -3*o(q) - 8*y(q). Let d = 171 + -172. Calculate r(d).
-5
Let h(r) = -r**3 - r**2 + 2*r + 9. Let x(l) = -4*l**3 - l**2 + 9*l + 37. Let b(y) = 9*h(y) - 2*x(y). Determine b(-7).
7
Let m = 22 - 16. Let q(w) = -w**3 - w**2 + w - 1. Let g(s) = 2*s**3 - 5*s**2 + 7*s - 6. Let z(k) = m*q(k) - g(k). Give z(-1).
8
Let b = -1 - -2. Let x(j) be the first derivative of -j**5/6 + j**3/6 + j**2/2 + 9. Let v(n) be the second derivative of x(n). Determine v(b).
-9
Let x(v) be the third derivative of v**5/60 - 3*v**4/8 + 7*v**3/6 - 2*v**2. Suppose 28*p - 176 = 6*p. Calculate x(p).
-1
Let b be (1/2)/((-13)/(-572)). Suppose 57 = 5*c + 3*r, -2*c = -0*r + r - b. Let p(l) = l - 5. Calculate p(c).
4
Let z(k) be the third derivative of -k**5/60 + 7*k**4/8 + k**3/3 + 15*k**2. Let c be z(21). Let h(f) = f**2 - 5*f + 3. Determine h(c).
-3
Let n(j) be the first derivative of 27 - 1/2*j**2 + j. Give n(4).
-3
Let j(z) = z - 10. Suppose -553*t + 546*t = -28. Calculate j(t).
-6
Let c(i) = 2*i**2 + 4*i + 3. Suppose -12*b = -14*b + 140. Let p be b/56 + 13/(-4). Give c(p).
3
Suppose -2*x = -18 + 12. Let k(v) = v - 1. Let j(t) = 3. Let s(i) = j(i) + 3*k(i). What is s(x)?
9
Let b(q) = -q + 6*q - 4*q + 3. Suppose 3*z = 4*z - 3*u - 6, 9 = -3*u. Determine b(z).
0
Let y(o) = -o**2 - 3*o + 1. Suppose 6*f + 43 - 61 = 0. Give y(f).
-17
Let s(o) be the first derivative of 2*o - 1 - o**2 + 1/4*o**4 - o**3. Suppose 0 = 3*c + 4*w - 28, 4*c - 3*w = w. Calculate s(c).
10
Let o(d) = -d + 3. Let g(j) = 10*j + 24. Let n(q) = g(q) + 5*o(q). Calculate n(-7).
4
Let s(u) = u**2 + 9*u + 1. Let w be s(-9). 